rs of n.
3, 13
Let c(q) = 6*q**3 - 1. Suppose g - 2 = -1. Let o be c(g). Suppose -o*k + k = -48. List the prime factors of k.
2, 3
Suppose -9*x + 1035 = -90. List the prime factors of x.
5
Let l(r) = -r + 11. Let z be l(9). Suppose -5*x + 26 = -2*v, -5*x + z*v = 4*v - 14. Suppose 0 = x*o + o - 60. List the prime factors of o.
2, 3
Suppose 0 = -3*u + 224 + 346. What are the prime factors of u?
2, 5, 19
Let u be 2 - 3/(-3 + 0). Let c = 7 + u. What are the prime factors of c?
2, 5
What are the prime factors of 88/55*(-2 + 7)?
2
Let p be (10/4)/((-4)/(-24)). Suppose -o - 4*o = -4*y - 31, 4*y - 4*o = -28. Let f = y + p. List the prime factors of f.
11
Suppose 3*x - 16 = x. Let j = x + -5. Suppose -4*w = 4*s - 48, w = -5*s + j*w + 46. List the prime factors of s.
2, 5
Let h = -11 - 4. Suppose -5*d = 5 - 35. List the prime factors of 234/15 - d/h.
2
Suppose -4*h + 2*h - 28 = 0. What are the prime factors of (-326)/h - 4/14?
23
Let h = 100 - 58. What are the prime factors of h?
2, 3, 7
Suppose 3*b - 2*b + 58 = 3*m, -m = -b - 22. List the prime factors of 3 - (-5)/(15/m).
3
Suppose 5*d = 4*d + 15. Let j = 6 - d. Let p = j - -17. What are the prime factors of p?
2
Let o be (-1 + (-1 - -5))*1. Suppose -5*x + 5*k + 15 = 0, 9 = 3*x - 2*k - o*k. Suppose -x*f = 12, 5*r - 43 = -f - 2. List the prime factors of r.
3
Let i(m) = 4*m**2 + 9 + 3 + 0*m - 9*m - m**2. What are the prime factors of i(5)?
2, 3, 7
Let n(g) = g**3 - 7*g**2 + g - 3. Let j be n(7). List the prime factors of 5*4/j - -1.
2, 3
What are the prime factors of 2/7 + 804/28?
29
Let x(r) = -r**2 + 5*r + 5. Let i be x(5). Suppose 5*y = -i*w + 13 + 57, -w + 20 = 3*y. List the prime factors of w.
11
Suppose 0 = -0*f - 5*f + 15. Suppose -p + 3*v = -8, f*p - v - 10 = 6. What are the prime factors of p?
5
Let h = 10 - -11. Suppose -2*c + 3*c - h = 0. Suppose -g + c = 2*g + 5*u, -3*u = 5*g - 51. What are the prime factors of g?
2, 3
Suppose -176 + 60 = -2*n. What are the prime factors of n?
2, 29
Let b = 2 - -2. Suppose -b*u - 3*f = -20, u + 0*f = -f + 6. What are the prime factors of u?
2
Let t(f) = -5*f - 7. List the prime factors of t(-9).
2, 19
Let k(o) = o**2 + 11*o + 1. Let p be k(-10). What are the prime factors of 2/((-2)/p) - 1?
2
Let i(m) = -2*m - 2. Let t be i(-3). Suppose -p = -0 - t. Suppose 4*n - 13 = 3*v, n - 27 + 0 = -p*v. What are the prime factors of n?
7
Let t(a) be the first derivative of -2*a**2 - 2*a + 1. List the prime factors of t(-2).
2, 3
Suppose 3*y - 4 = 11. Suppose -y*p + p + 16 = 0. What are the prime factors of p?
2
Let k = -198 + 451. Suppose 4*p - 2*u - 192 = -0*u, 5*p + 4*u = k. What are the prime factors of p?
7
Let k = -18 - -41. What are the prime factors of k?
23
Let v(p) = p + 75. Let k be v(0). Suppose 5*y = -4*m + k, 3*y - 13 = 5*m - m. List the prime factors of y.
11
Let k(z) = z**2 + 7*z - 1. Let j be k(-7). Let g(h) = -13*h**3 + h. List the prime factors of g(j).
2, 3
Let d be (-13)/(-3) - (-4)/6. Let s(o) = 2*o**2 - 7*o + 3. List the prime factors of s(d).
2, 3
Suppose -6*b = -3*b - 6. Let y be 2/(-4) + 65/b. Suppose -l + y = 3*l. List the prime factors of l.
2
Let g(t) = -t**2 + 20*t - 12. Let m be g(14). Suppose 2*q = -2*q + m. What are the prime factors of q?
2, 3
Let i = 133 - 83. What are the prime factors of i?
2, 5
Let f(o) = -18*o + 1. List the prime factors of f(-4).
73
Let a = 97 - 62. Let o = a - 15. Suppose 0 = -0*z - 4*z + o. What are the prime factors of z?
5
Let a(z) = 18*z**2 - 3*z + 2. List the prime factors of a(2).
2, 17
Let q(n) = 11 - n**2 - 1 + 5*n - 2. What are the prime factors of q(6)?
2
Suppose -2*z = z + 15. Let b = z - -29. What are the prime factors of b?
2, 3
Let i = 1 + -1. Suppose i = -3*y - y + 36. What are the prime factors of y?
3
Let a = 385 + -243. What are the prime factors of a?
2, 71
Suppose 3*g + 3*s - 236 + 8 = 0, 5*g - 380 = s. What are the prime factors of g?
2, 19
List the prime factors of (0 + 5)*2*4.
2, 5
Let m(c) = -c**3 + 8*c**2 - 4*c - 6. Let b be m(7). Let x be 25*(2 + (-36)/b). List the prime factors of x/45 - 58/(-18).
3
Let u(w) = -w - 4. Let n be u(-4). Suppose -3*s + 141 = 5*m, 5*m + s = -n*s + 137. What are the prime factors of m?
3
Suppose 5*p - a - 142 - 52 = 0, 0 = 2*p - 2*a - 84. List the prime factors of p.
2, 19
Let k(a) be the second derivative of a + 4/3*a**3 - 1/2*a**2 + 0. What are the prime factors of k(1)?
7
Suppose 3*n + c - 2*c - 7 = 0, 0 = -2*n - 4*c. Suppose 2*w + z - 8 = w, 0 = n*w + z - 19. What are the prime factors of w?
11
Suppose 2*u - 3*c + 2 = 0, 3*c + 0*c + 4 = 5*u. Let n = -10 + 15. Suppose -n*q = s + 16, u*q = 5*s - 3*q - 70. List the prime factors of s.
3
Let z(s) = 2*s - 2 - 4 + 2. Suppose 0 = -v - 4*v + 15. List the prime factors of z(v).
2
Let h(a) = -a**2 - 7*a - 5. Let u be h(-5). Suppose -u*x - 60 = -5*k, 4*k - 2*x + 5*x = 55. What are the prime factors of k?
13
Let s(q) = -2*q**2 + q. Let d be s(3). Let z = -6 - d. Suppose -5*n - 4*b = -n - 36, -4*b = n - z. What are the prime factors of n?
3
Let m(j) = -j**3 - 5*j**2 - 3*j - 5. Suppose 20 = -5*q - 2*k - 3*k, -2*q + 4*k = 14. What are the prime factors of m(q)?
2, 5
Let a = -537 + 784. What are the prime factors of a?
13, 19
Let i(u) = -5*u. Let p(v) = -v. Let j(y) = -5*i(y) + 30*p(y). What are the prime factors of j(-1)?
5
Let l(x) = x**3 + 8*x**2 - 11*x + 10. Let v be l(-9). Suppose 0 = -4*n + v + 52. List the prime factors of n.
2, 5
Let o be 4/(-10) - (-18)/(-5). Let t(n) = 3 - 6*n - n**2 + 2*n - 5 - 2*n. What are the prime factors of t(o)?
2, 3
Let l be ((-8)/(-8))/((-2)/12). Let q(v) = v**3 + 6*v**2 + v + 8. List the prime factors of q(l).
2
Let k(t) = -2*t - 10. Let o be k(-7). Let g = 15 - o. What are the prime factors of g?
11
Suppose 7 = a + 1. What are the prime factors of (-9)/(-3)*20/a?
2, 5
Let h = 18 - -18. Suppose -5*a + h = -2*a. What are the prime factors of a?
2, 3
Let c(n) = -n**2 - 5*n - 2. Let o be c(-5). What are the prime factors of (5 - 3) + 8 + o?
2
Let y = -3 + 4. Let n(w) be the third derivative of w**4/2 - w**3/6 - 2*w**2. List the prime factors of n(y).
11
Let y(h) = h**2 + 7*h - 12. Let t be 1/(((-1)/19)/1). Let x = 10 + t. What are the prime factors of y(x)?
2, 3
Suppose 30 = 5*o + s, -o - s = -0*o - 6. Let r = o - -24. List the prime factors of r.
2, 3, 5
What are the prime factors of 4/(-22) + 5304/132?
2, 5
Suppose 2*c + 45 = 4*t - 3*t, -3*t + 2*c = -151. Suppose -3*y + r + t = 0, 2*r = -4*y - 0*y + 74. Let w = -12 + y. List the prime factors of w.
2, 3
Suppose 2*x - 4*f = x - 9, -9 = 5*x - 2*f. Let h = x - -12. What are the prime factors of h?
11
Suppose 0 = 2*b + 3*b - 690. Suppose 4*s - 2*n - 134 = 0, -4*n = -3*s + b - 50. Suppose s = 5*w - w. List the prime factors of w.
3
Let f(m) = -2*m + 29. Suppose 4*k = 5*q + 9, k + q + 29 = -4*q. Let w(u) = u - 14. Let i(z) = k*f(z) - 9*w(z). List the prime factors of i(5).
5
Suppose 0 = 16*k - 11*k - 30. List the prime factors of k.
2, 3
Let u(n) = -10*n - 45. Let v(k) = 2*k + 9. Let b(i) = -2*u(i) - 11*v(i). What are the prime factors of b(-6)?
3
Suppose -412 = -9*n + 83. What are the prime factors of n?
5, 11
Let h = 17 + 9. Suppose -r + 14 = -h. Suppose 5*m = -10 + r. List the prime factors of m.
2, 3
Let y = 471 - 327. What are the prime factors of y?
2, 3
Let n(u) = 28*u + 16. List the prime factors of n(3).
2, 5
Let f = 12 + -14. Suppose 5*p + 2*t = 250, -6*t + t + 265 = 5*p. List the prime factors of p/21 - f/(-7).
2
Let f = 88 - 59. What are the prime factors of f?
29
Suppose -u = -c + 57, -4*c - 5*u + 129 = -99. List the prime factors of c.
3, 19
Suppose -2*b + 14 = -y + 91, -y = -b - 79. List the prime factors of y.
3
Let k = -32 - -67. Let n = k + -22. What are the prime factors of n?
13
Let g = -28 + 81. List the prime factors of g.
53
Let v = 4 - 8. What are the prime factors of (v/(-12))/(1/21)?
7
Suppose 0*v = 2*v - 64. Suppose -6*w + 3*w + 54 = 0. Let n = v - w. What are the prime factors of n?
2, 7
Suppose -d = 5*c + 3*d - 86, c = -d + 17. What are the prime factors of c?
2, 3
Suppose -3*j = 0, -2*u + 0*u = -4*j + 12. Let k(h) = h**3 + 7*h**2 + 3*h - 7. List the prime factors of k(u).
11
Let s = -67 + 45. Let v be s + (2 - (-6)/(-3)). What are the prime factors of 4/v + 57/11?
5
Let p = 5 + -2. Suppose 2 = -p*q + 8. Supp